{"id":2,"date":"2023-07-18T23:49:48","date_gmt":"2023-07-18T23:49:48","guid":{"rendered":"https:\/\/unetealaplayfulrevolution.com\/?page_id=2"},"modified":"2023-10-24T22:39:30","modified_gmt":"2023-10-24T22:39:30","slug":"acerca-de","status":"publish","type":"page","link":"https:\/\/unetealaplayfulrevolution.com\/index.php\/acerca-de\/","title":{"rendered":"Acerca de"},"content":{"rendered":"\n<p>Mi nombre es Bego\u00f1a Pino, aka, <a href=\"http:\/\/creativesensei.com\">creativesensei.com<\/a><\/p>\n\n\n\n<p>Me apasiona la creatividad: Utilizarla, aprender sobre ella, activarla en las personas, coleccionar equipos relacionados con la creatividad y cosas por el estilo. Soy una friki total de la creatividad y creo que el mundo necesita que todos alcancen su potencial creativo.<\/p>\n\n\n\n<p>He sido creativa toda mi vida, lo que no quiere decir que tenga una gran obra que lo demuestre. Sin embargo, mi misi\u00f3n es ayudar a todas las personas interesadas a subir un pelda\u00f1o en el cociente creativo actual para que puedan mejorar sus vidas y trabajos. En esta labor, la divulgaci\u00f3n es fundamental y aqu\u00ed tienes un ejemplo, mi ponencia <strong>\u00bfTe atrever\u00edas a jugar en el trabajo?<\/strong> presentada en TEDxPlazaWeylerWomen<\/p>\n\n\n\n<figure class=\"wp-block-embed is-type-video is-provider-youtube wp-block-embed-youtube wp-embed-aspect-16-9 wp-has-aspect-ratio\"><div class=\"wp-block-embed__wrapper\">\n<iframe loading=\"lazy\" title=\"\u00bfTe atrever\u00edas a jugar en el trabajo? | BEGO\u00d1A PINO | TEDxPlazaWeylerWomen\" width=\"500\" height=\"281\" src=\"https:\/\/www.youtube.com\/embed\/8df2xkunZJ0?feature=oembed\" frameborder=\"0\" allow=\"accelerometer; autoplay; clipboard-write; encrypted-media; gyroscope; picture-in-picture; web-share\" referrerpolicy=\"strict-origin-when-cross-origin\" allowfullscreen><\/iframe>\n<\/div><figcaption class=\"wp-element-caption\">TEDxPlazaWeylerWomen<\/figcaption><\/figure>\n\n\n\n<p>Tambi\u00e9n tengo experiencia en autismo y tecnolog\u00eda. Mi tesis doctoral se centra en la interacci\u00f3n social. Ya est\u00e1 un poco anticuada, pero puede que la revisi\u00f3n bibliogr\u00e1fica y las conclusiones te resulten \u00fatiles. Particip\u00e9 en un<br>par de m\u00f3dulos de un curso sobre el tema que sigue en la UAM.<\/p>\n\n\n\n<p><strong>Sobre m\u00ed<\/strong><br>Utilizo el humor y el juego como principios b\u00e1sicos, me centro en la resoluci\u00f3n de problemas y los procesos de innovaci\u00f3n y utilizo herramientas como Lego, juegos de mesa y montones de notas adhesivas\u2026 <\/p>\n\n\n\n<p>Actualmente estoy centrada en impulsar la revoluci\u00f3n l\u00fadica, llevando la creatividad y el juego al trabajo, en aprender sobre la neurociencia de la creatividad y facilitar diferentes procesos como Design Thinking, y Lego Serious Play.<\/p>\n\n\n\n<p>Reg\u00edstrate en mi newsletter si quieres que te env\u00ede por correo electr\u00f3nico actualizaciones sobre este espacio (nuevos art\u00edculos, publicaciones y eventos relacionados con la creatividad). Prometo no enviar spam. En serio, no tengo tiempo.<\/p>\n\n\n\n<h2 class=\"wp-block-heading\">Trabaja conmigo<\/h2>\n\n\n\n<p>Esto es lo que dicen de mi como TEDx Speaker:<\/p>\n\n\n\n<figure class=\"wp-block-embed is-type-video is-provider-youtube wp-block-embed-youtube wp-embed-aspect-16-9 wp-has-aspect-ratio\"><div class=\"wp-block-embed__wrapper\">\n<iframe loading=\"lazy\" title=\"Trabajar con Bego\u00f1a - por Raquel Valle, organizadora TEDx\" width=\"500\" height=\"281\" src=\"https:\/\/www.youtube.com\/embed\/zCJhVpcE2Jo?feature=oembed\" frameborder=\"0\" allow=\"accelerometer; autoplay; clipboard-write; encrypted-media; gyroscope; picture-in-picture; web-share\" referrerpolicy=\"strict-origin-when-cross-origin\" allowfullscreen><\/iframe>\n<\/div><\/figure>\n\n\n\n<p><\/p>\n\n\n\n<p><strong>Conferencias<\/strong>:<\/p>\n\n\n\n<p><em>The Power of Neurodiverse Teams<\/em><\/p>\n\n\n\n<figure class=\"wp-block-embed is-type-video is-provider-youtube wp-block-embed-youtube wp-embed-aspect-16-9 wp-has-aspect-ratio\"><div class=\"wp-block-embed__wrapper\">\n<iframe loading=\"lazy\" title=\"The power of neurodiverse teams\" width=\"500\" height=\"281\" src=\"https:\/\/www.youtube.com\/embed\/ClujHbqLxms?feature=oembed\" frameborder=\"0\" allow=\"accelerometer; autoplay; clipboard-write; encrypted-media; gyroscope; picture-in-picture; web-share\" referrerpolicy=\"strict-origin-when-cross-origin\" allowfullscreen><\/iframe>\n<\/div><\/figure>\n\n\n\n<p><em>Creatividad, Juego y Deporte <\/em><\/p>\n\n\n\n<figure class=\"wp-block-embed is-type-video is-provider-youtube wp-block-embed-youtube wp-embed-aspect-16-9 wp-has-aspect-ratio\"><div class=\"wp-block-embed__wrapper\">\n<iframe loading=\"lazy\" title=\"Creatividad, juego y deporte\" width=\"500\" height=\"281\" src=\"https:\/\/www.youtube.com\/embed\/V4D0TXu0fOs?feature=oembed\" frameborder=\"0\" allow=\"accelerometer; autoplay; clipboard-write; encrypted-media; gyroscope; picture-in-picture; web-share\" referrerpolicy=\"strict-origin-when-cross-origin\" allowfullscreen><\/iframe>\n<\/div><\/figure>\n\n\n\n<p><\/p>\n\n\n\n<p><strong>Articulos en otros medios:<\/strong><\/p>\n\n\n\n<ul class=\"wp-block-list\">\n<li><a href=\"https:\/\/comein.uoc.edu\/divulgacio\/comein\/es\/numero112\/articles\/b-pino-creativitat-es-moment-de-la-ludorevolucio-playfulrevolution.html\">Creatividad: es momento de la ludorrevoluci\u00f3n (#playfulrevolution)<\/a><\/li>\n<\/ul>\n\n\n\n<p><strong>Entrevistas:<\/strong><\/p>\n\n\n\n<p>Entrevista previa a mi charla en TEDxPlazaWeylerWomen. Aqu\u00ed estaba todav\u00eda &#8216;cocinando&#8217; la charla, as\u00ed que si te gustan los videos tipo &#8216;making off&#8217;, esto es lo m\u00e1s cerca que estar\u00e1s.<\/p>\n\n\n\n<figure class=\"wp-block-embed is-type-video is-provider-youtube wp-block-embed-youtube wp-embed-aspect-16-9 wp-has-aspect-ratio\"><div class=\"wp-block-embed__wrapper\">\n<iframe loading=\"lazy\" title=\"Bego\u00f1a Pino. Ponente TEDxPlazaWeylerWomen\" width=\"500\" height=\"281\" src=\"https:\/\/www.youtube.com\/embed\/TigIewJkMAE?feature=oembed\" frameborder=\"0\" allow=\"accelerometer; autoplay; clipboard-write; encrypted-media; gyroscope; picture-in-picture; web-share\" referrerpolicy=\"strict-origin-when-cross-origin\" allowfullscreen><\/iframe>\n<\/div><\/figure>\n\n\n\n<p><\/p>\n\n\n\n<ul class=\"wp-block-list\">\n<li> (<a href=\"https:\/\/www.instagram.com\/p\/Cvpwp66I3Fb\/\">TEDxPlazaWeylerWomen<\/a> Agosto, 2023)<\/li>\n\n\n\n<li><strong><a href=\"https:\/\/medium.com\/@manuscripts\/author-bego%C3%B1a-pino-says-creativity-will-help-you-deal-with-change-and-uncertainty-a6f4308f0e4b\">Author Bego\u00f1a Pino says: \u201cCreativity will help you deal with change and uncertainty.\u201d<\/a><\/strong> Julio, 2022<\/li>\n\n\n\n<li><a href=\"https:\/\/web.archive.org\/web\/20221209193721\/https:\/\/blogs.ed.ac.uk\/sharing-things-blog\/2021\/04\/22\/begona-is-it-time-for-a-creative-revolution-in-the-workplace\/\">Bego\u00f1a: Is it time for a creative revolution in the workplace?<\/a> Mayo, 2021<\/li>\n<\/ul>\n\n\n\n<p>Referencias:<\/p>\n\n\n\n<p>New Degree Press &#8211; <a href=\"https:\/\/www.instagram.com\/p\/CjTsraTv1G_\/\">https:\/\/www.instagram.com\/p\/CjTsraTv1G_\/<\/a> Agosto, 2022<\/p>\n\n\n\n<ul class=\"wp-block-list\">\n<li>Author Bego\u00f1a Pino recently launched her book, and she chose to do so at a toy shop! Why?<\/li>\n\n\n\n<li>She felt it was the most appropriate place, as her book is titled, \u201cJoin the Playful Revolution: How to Bring Creativity and Play to the Workplace.\u201d In her book, the&nbsp;<a href=\"https:\/\/www.instagram.com\/explore\/tags\/modernauthor\/\">#modernauthor<\/a>&nbsp;explores creativity, conducive environments, and the meeting point of&nbsp;<a href=\"https:\/\/www.instagram.com\/explore\/tags\/work\/\">#work<\/a>&nbsp;and&nbsp;<a href=\"https:\/\/www.instagram.com\/explore\/tags\/play\/\">#play<\/a>. She also shares valuable processes and tools for encouraging&nbsp;<a href=\"https:\/\/www.instagram.com\/explore\/tags\/creativity\/\">#creativity<\/a>&nbsp;in the workplace.<\/li>\n\n\n\n<li>In addition, Pino recently published two articles on the&nbsp;<a href=\"https:\/\/www.instagram.com\/explore\/tags\/writing\/\">#writing<\/a>&nbsp;and publishing of \u201ca decent book.\u201d In the articles, Pino takes her readers on a humorous journey through the various phases and challenges facing an aspiring&nbsp;<a href=\"https:\/\/www.instagram.com\/explore\/tags\/writer\/\">#writer<\/a>.<\/li>\n\n\n\n<li>Read \u201cHow to Write a Decent Book\u201d here: https:\/\/creativesensei.com\/book-authors\/how-to-write-a-decent-book\/<\/li>\n\n\n\n<li>Read \u201cHow to Publish a Decent Book\u201d here: https:\/\/creativesensei.com\/book-authors\/how-to-publish-a-decent-book\/<\/li>\n\n\n\n<li>__<\/li>\n\n\n\n<li><a href=\"https:\/\/www.instagram.com\/explore\/tags\/team\/\">#team<\/a><a href=\"https:\/\/www.instagram.com\/explore\/tags\/leadership\/\">#leadership<\/a><a href=\"https:\/\/www.instagram.com\/explore\/tags\/innovation\/\">#innovation<\/a><a href=\"https:\/\/www.instagram.com\/explore\/tags\/book\/\">#book<\/a><a href=\"https:\/\/www.instagram.com\/explore\/tags\/author\/\">#author<\/a><a href=\"https:\/\/www.instagram.com\/creativesenseiway\/\">@creativesenseiway<\/a><\/li>\n<\/ul>\n\n\n\n<p><\/p>\n","protected":false},"excerpt":{"rendered":"<p>Mi nombre es Bego\u00f1a Pino, aka, creativesensei.com Me apasiona la creatividad: Utilizarla, aprender sobre ella, activarla en las personas, coleccionar equipos relacionados con la creatividad y cosas por el estilo. Soy una friki total de la creatividad y creo que el mundo necesita que todos alcancen su potencial creativo. He sido creativa toda mi vida, [&hellip;]<\/p>\n","protected":false},"author":1,"featured_media":0,"parent":0,"menu_order":0,"comment_status":"closed","ping_status":"closed","template":"","meta":{"footnotes":""},"class_list":["post-2","page","type-page","status-publish","hentry"],"_links":{"self":[{"href":"https:\/\/unetealaplayfulrevolution.com\/index.php\/wp-json\/wp\/v2\/pages\/2","targetHints":{"allow":["GET"]}}],"collection":[{"href":"https:\/\/unetealaplayfulrevolution.com\/index.php\/wp-json\/wp\/v2\/pages"}],"about":[{"href":"https:\/\/unetealaplayfulrevolution.com\/index.php\/wp-json\/wp\/v2\/types\/page"}],"author":[{"embeddable":true,"href":"https:\/\/unetealaplayfulrevolution.com\/index.php\/wp-json\/wp\/v2\/users\/1"}],"replies":[{"embeddable":true,"href":"https:\/\/unetealaplayfulrevolution.com\/index.php\/wp-json\/wp\/v2\/comments?post=2"}],"version-history":[{"count":9,"href":"https:\/\/unetealaplayfulrevolution.com\/index.php\/wp-json\/wp\/v2\/pages\/2\/revisions"}],"predecessor-version":[{"id":2280,"href":"https:\/\/unetealaplayfulrevolution.com\/index.php\/wp-json\/wp\/v2\/pages\/2\/revisions\/2280"}],"wp:attachment":[{"href":"https:\/\/unetealaplayfulrevolution.com\/index.php\/wp-json\/wp\/v2\/media?parent=2"}],"curies":[{"name":"wp","href":"https:\/\/api.w.org\/{rel}","templated":true}]}}