{"id":1391,"date":"2021-07-09T06:36:49","date_gmt":"2021-07-09T06:36:49","guid":{"rendered":"https:\/\/unetealaplayfulrevolution.com\/?page_id=1391"},"modified":"2023-08-06T17:02:25","modified_gmt":"2023-08-06T17:02:25","slug":"unete-a-la-playful-revolution","status":"publish","type":"page","link":"https:\/\/unetealaplayfulrevolution.com\/index.php\/unete-a-la-playful-revolution\/","title":{"rendered":"Libro"},"content":{"rendered":"<h3 style=\"text-align: left;\">Unete a la Playful Revolution &#8211; Lleva la Creatividad y el Juego al lugar de Trabajo<\/h3>\n<p><img loading=\"lazy\" decoding=\"async\" class=\"wp-image-2071 alignnone\" src=\"https:\/\/unetealaplayfulrevolution.com\/wp-content\/uploads\/2023\/08\/mockup_mobile_blue-1024x1024.png\" alt=\"\" width=\"307\" height=\"307\" srcset=\"https:\/\/unetealaplayfulrevolution.com\/wp-content\/uploads\/2023\/08\/mockup_mobile_blue-1024x1024.png 1024w, https:\/\/unetealaplayfulrevolution.com\/wp-content\/uploads\/2023\/08\/mockup_mobile_blue-300x300.png 300w, https:\/\/unetealaplayfulrevolution.com\/wp-content\/uploads\/2023\/08\/mockup_mobile_blue-150x150.png 150w, https:\/\/unetealaplayfulrevolution.com\/wp-content\/uploads\/2023\/08\/mockup_mobile_blue-768x768.png 768w, https:\/\/unetealaplayfulrevolution.com\/wp-content\/uploads\/2023\/08\/mockup_mobile_blue.png 1080w\" sizes=\"auto, (max-width: 307px) 100vw, 307px\" \/><\/p>\n<p>Me alegrar\u00eda mucho que te unieras a la Playful Revolution. Realmente se necesita m\u00e1s alegr\u00eda en el lugar de trabajo.<\/p>\n<p>Para aprovechar al m\u00e1ximo el libro he preparado material imprimible, y he a\u00f1adido un par de bonus extra.<\/p>\n<p>Todo lo que tienes que hacer es:<\/p>\n<ul>\n<li>hacerte con una copia del ebook <a href=\"https:\/\/amzn.to\/3Mr9gw9\">aqu\u00ed<\/a>, o del libro de bolsillo <a href=\"https:\/\/amzn.to\/3zDOdP2\">aqu\u00ed<\/a> (si no ves los enlaces o no funcionan, simplemente busca el t\u00edtulo en Amazon)<\/li>\n<li>dejar una rese\u00f1a en Amazon<\/li>\n<li>y suscribirte a nuestro bolet\u00edn. IMPORTANTE: Recibir\u00e1s un email para confirmar tu suscripci\u00f3n as\u00ed que ten en cuenta que es un proceso de dos pasos (normativa europea). Si no recibes el email comprueba en tu carpeta de spam o escr\u00edbeme a begpino @gmail.com<\/li>\n<\/ul>\n<p>Una vez lo haya comprobado, tendr\u00e1s acceso a todos estos recursos:<\/p>\n<ul>\n<li>Plantillas imprimibles<\/li>\n<li>Pdf del Caf\u00e9 Creativo descrito en el libro<\/li>\n<li>Guiones de sesiones del libro<\/li>\n<li>Adem\u00e1s, entrar\u00e1s en un concurso con la oportunidad de ganar una sesi\u00f3n de consulta de 90&#8242; conmigo.<\/li>\n<\/ul>\n<p>Y una cosa m\u00e1s&#8230;<\/p>\n<p>He incluido un par de Easter Eggs (sorpresas) dentro del libro, y habr\u00e1 algunas ventajas extra para aquellos que los encuentren&#8230;<\/p>\n<p>Espero que los disfrut\u00e9is \ud83d\ude42<\/p>\n<p>\u00a1A jugar!<\/p>\n<h3 style=\"text-align: left;\">Historia de mi libro<\/h3>\n<p>\u00danete a la Playful Revolution es un libro sobre c\u00f3mo aprovechar las peque\u00f1as grietas del sistema para innovar justo donde est\u00e1s. Proporciona inspiraci\u00f3n, estrategias y herramientas para comenzar tu propia #revoluci\u00f3nl\u00fadica.<\/p>\n<p>Me llamo Bego\u00f1a Pino y soy la autora de \u00danete a la Playful Revolution (revoluci\u00f3n l\u00fadica). Decid\u00ed escribir este libro porque creo que el mundo necesita m\u00e1s creatividad ahora mismo para resolver grandes problemas en un contexto vol\u00e1til e incierto. Adem\u00e1s, creo que la mayor\u00eda de la gente necesita activar su creatividad para afrontar el cambio, las nuevas situaciones y las nuevas emociones.<\/p>\n<p>Este libro explora las intersecciones entre la creatividad, el juego y el lugar de trabajo, aprovechando al m\u00e1ximo las oportunidades que se presentan. Describe procesos y herramientas para sacar al mundo lo mejor de la imaginaci\u00f3n de las personas, y defiende a capa y espada la inclusi\u00f3n y la diversidad como componentes b\u00e1sicos de la innovaci\u00f3n. El punto principal es encontrar las peque\u00f1as grietas en el sistema donde se puede plantar la semilla de la innovaci\u00f3n, y luego tener la paciencia suficiente para seguir encontrando m\u00e1s grietas y plantar algunas m\u00e1s. Con el tiempo, incluso una peque\u00f1a semilla puede crecer en concreto.<\/p>\n<p>Mi esperanza es que, al leer este libro, descubra el valor que el juego y el humor pueden aportar al espacio de trabajo, y c\u00f3mo la <strong>neurodiversidad<\/strong> puede ser una baza real en cualquier equipo de innovaci\u00f3n. En este libro, espero inculcarle el mismo tipo de pasi\u00f3n y entusiasmo que siento por la creatividad en todas sus formas (teor\u00eda, mi propia pr\u00e1ctica, facilitaci\u00f3n en otros). En \u00faltima instancia, quiero que veas este libro como una herramienta que te ayude a crecer primero en confianza creativa y a activarla en equipos y grupos (incluidos amigos y familiares).<\/p>\n<p>En este libro, aprender\u00e1s sobre la mentalidad creativa, la confianza y los entornos, as\u00ed como la importancia de la paciencia, la disciplina, el juego, el humor y la asunci\u00f3n de riesgos. Escuchar\u00e1 historias como:<\/p>\n<ul>\n<li>Un jefe de equipo que se llev\u00f3 a su equipo a un fin de semana secreto de teambuilding autofinanciado.<\/li>\n<li>Un vendedor que cre\u00f3 una campa\u00f1a viral con 10 millones de visitas a partir de una broma.<\/li>\n<\/ul>\n<p>Te encantar\u00e1 este libro si te pica el gusanillo de innovar, si quieres aportar m\u00e1s esp\u00edritu l\u00fadico a tu vida o si necesitas poner a un equipo al d\u00eda en un proyecto desafiante.<\/p>\n<p>\u00danete a la Playful Revolution es un libro de no ficci\u00f3n que se dirige a los l\u00edderes de equipos tecnol\u00f3gicos y a cualquier agente de cambio (recursos humanos, ejecutivos) que quieran ver la creatividad y el juego de una forma nueva que eleve la innovaci\u00f3n, la productividad, el compromiso y la felicidad del equipo.<\/p>\n<h3><span style=\"font-family: Roboto; font-weight: 500; font-size: 39px;\" data-fusion-font=\"true\" data-fusion-google-font=\"Roboto\" data-fusion-google-variant=\"500\">\u00abHice una campa\u00f1a pre-venta en April del 2021, y puedes encontrar m\u00e1s detalles sobre el libro all\u00ed: <\/span><a style=\"font-family: Roboto; font-weight: 500; font-size: 39px;\" href=\"https:\/\/www.indiegogo.com\/projects\/playful-revolution-by-begona-pino#\/\" target=\"_blank\" rel=\"noopener\" data-saferedirecturl=\"https:\/\/www.google.com\/url?q=https:\/\/www.indiegogo.com\/projects\/playful-revolution-by-begona-pino%23\/&amp;source=gmail&amp;ust=1626440940441000&amp;usg=AFQjCNFsGrUnpF5VbHgTKn-6UJbySJq--Q\" data-fusion-font=\"true\" data-fusion-google-font=\"Roboto\" data-fusion-google-variant=\"500\">Playful Revolution<\/a><span style=\"font-family: Roboto; font-weight: 500; font-size: 39px;\" data-fusion-font=\"true\" data-fusion-google-font=\"Roboto\" data-fusion-google-variant=\"500\">\u00ab<\/span><\/h3>\n\n\n<p><\/p>\n\n\n\n<p><\/p>\n\n\n\n<p><\/p>\n\n\n\n<p>2023 <strong>\u00a9<\/strong> Bego\u00f1a Pino<\/p>\n","protected":false},"excerpt":{"rendered":"<p>Unete a la Playful Revolution &#8211; Lleva la Creatividad y el Juego al lugar de Trabajo Me alegrar\u00eda mucho que te unieras a la Playful Revolution. Realmente se necesita m\u00e1s alegr\u00eda en el lugar de trabajo. Para aprovechar al m\u00e1ximo el libro he preparado material imprimible, y he a\u00f1adido un par de bonus extra. Todo [&hellip;]<\/p>\n","protected":false},"author":1,"featured_media":0,"parent":0,"menu_order":0,"comment_status":"closed","ping_status":"closed","template":"","meta":{"footnotes":""},"class_list":["post-1391","page","type-page","status-publish","hentry"],"_links":{"self":[{"href":"https:\/\/unetealaplayfulrevolution.com\/index.php\/wp-json\/wp\/v2\/pages\/1391","targetHints":{"allow":["GET"]}}],"collection":[{"href":"https:\/\/unetealaplayfulrevolution.com\/index.php\/wp-json\/wp\/v2\/pages"}],"about":[{"href":"https:\/\/unetealaplayfulrevolution.com\/index.php\/wp-json\/wp\/v2\/types\/page"}],"author":[{"embeddable":true,"href":"https:\/\/unetealaplayfulrevolution.com\/index.php\/wp-json\/wp\/v2\/users\/1"}],"replies":[{"embeddable":true,"href":"https:\/\/unetealaplayfulrevolution.com\/index.php\/wp-json\/wp\/v2\/comments?post=1391"}],"version-history":[{"count":10,"href":"https:\/\/unetealaplayfulrevolution.com\/index.php\/wp-json\/wp\/v2\/pages\/1391\/revisions"}],"predecessor-version":[{"id":2073,"href":"https:\/\/unetealaplayfulrevolution.com\/index.php\/wp-json\/wp\/v2\/pages\/1391\/revisions\/2073"}],"wp:attachment":[{"href":"https:\/\/unetealaplayfulrevolution.com\/index.php\/wp-json\/wp\/v2\/media?parent=1391"}],"curies":[{"name":"wp","href":"https:\/\/api.w.org\/{rel}","templated":true}]}}